{"id":9,"date":"2019-09-15T17:21:02","date_gmt":"2019-09-15T17:21:02","guid":{"rendered":"http:\/\/daniel-zykan-elektromontaze.cz\/?page_id=9"},"modified":"2024-08-26T00:33:21","modified_gmt":"2024-08-25T22:33:21","slug":"kontakt","status":"publish","type":"page","link":"https:\/\/elektroinstall.cz\/?page_id=9","title":{"rendered":"Kontakt:"},"content":{"rendered":"\n<p class=\"has-text-align-left has-very-dark-gray-color has-text-color has-medium-font-size\"><strong>Obchodn\u00ed odd\u011blen\u00ed:<\/strong><\/p>\n\n\n\n<h2 class=\"wp-block-heading\"><\/h2>\n\n\n\n<div class=\"wp-block-cover is-light\" style=\"min-height:247px;aspect-ratio:unset;\"><span aria-hidden=\"true\" class=\"wp-block-cover__background has-background-dim\" style=\"background-color:#1a1615\"><\/span><img loading=\"lazy\" decoding=\"async\" width=\"806\" height=\"434\" class=\"wp-block-cover__image-background wp-image-3793\" alt=\"\" src=\"https:\/\/elektroinstall.cz\/wp-content\/uploads\/2024\/08\/Screenshot-2022-08-31-at-10.23.04.png\" data-object-fit=\"cover\" srcset=\"https:\/\/elektroinstall.cz\/wp-content\/uploads\/2024\/08\/Screenshot-2022-08-31-at-10.23.04.png 806w, https:\/\/elektroinstall.cz\/wp-content\/uploads\/2024\/08\/Screenshot-2022-08-31-at-10.23.04-300x162.png 300w, https:\/\/elektroinstall.cz\/wp-content\/uploads\/2024\/08\/Screenshot-2022-08-31-at-10.23.04-768x414.png 768w, https:\/\/elektroinstall.cz\/wp-content\/uploads\/2024\/08\/Screenshot-2022-08-31-at-10.23.04-24x13.png 24w, https:\/\/elektroinstall.cz\/wp-content\/uploads\/2024\/08\/Screenshot-2022-08-31-at-10.23.04-36x19.png 36w, https:\/\/elektroinstall.cz\/wp-content\/uploads\/2024\/08\/Screenshot-2022-08-31-at-10.23.04-48x26.png 48w, https:\/\/elektroinstall.cz\/wp-content\/uploads\/2024\/08\/Screenshot-2022-08-31-at-10.23.04-600x323.png 600w\" sizes=\"auto, (max-width: 806px) 100vw, 806px\" \/><div class=\"wp-block-cover__inner-container is-layout-flow wp-block-cover-is-layout-flow\">\n<div class=\"wp-block-group is-nowrap is-layout-flex wp-container-core-group-is-layout-6c531013 wp-block-group-is-layout-flex\">\n<div class=\"wp-block-columns is-layout-flex wp-container-core-columns-is-layout-28f84493 wp-block-columns-is-layout-flex\">\n<div class=\"wp-block-column is-layout-flow wp-block-column-is-layout-flow\" style=\"flex-basis:100%\">\n<pre class=\"wp-block-code has-text-color\" style=\"color:#ff0000\"><code><strong>Luk\u00e1\u0161 VACULA<\/strong> <strong>- MANA\u017dER ZAK\u00c1ZEK<\/strong><\/code><\/pre>\n<\/div>\n<\/div>\n<\/div>\n\n\n\n<h2 class=\"wp-block-heading\"><\/h2>\n\n\n\n<div class=\"wp-block-group is-layout-constrained wp-block-group-is-layout-constrained\">\n<div class=\"wp-block-columns is-layout-flex wp-container-core-columns-is-layout-28f84493 wp-block-columns-is-layout-flex\">\n<div class=\"wp-block-column is-layout-flow wp-block-column-is-layout-flow\" style=\"flex-basis:100%\">\n<ul class=\"wp-block-list has-black-color has-text-color has-link-color wp-elements-cd0219e5cb2d4868c9ab354c1126b50c\">\n<li><strong><mark style=\"background-color:rgba(0, 0, 0, 0);color:#ff0000\" class=\"has-inline-color\">Telefon:                 +420 721 435 807<\/mark><\/strong><\/li>\n<\/ul>\n<\/div>\n<\/div>\n<\/div>\n\n\n\n<ul class=\"wp-block-list\">\n<li><strong><mark style=\"background-color:rgba(0, 0, 0, 0);color:#ff0000\" class=\"has-inline-color\">Email:                    <a href=\"mailto:elektro.install@seznam.cz\">elektro.install@seznam.cz<\/a><\/mark><\/strong><\/li>\n<\/ul>\n<\/div><\/div>\n\n\n\n<h2 class=\"wp-block-heading\"><\/h2>\n\n\n\n<p class=\"has-text-align-left has-very-dark-gray-color has-text-color has-medium-font-size\"><strong>Technick\u00e9 odd\u011blen\u00ed:<\/strong><\/p>\n\n\n\n<h2 class=\"wp-block-heading\"><\/h2>\n\n\n\n<div class=\"wp-block-cover is-light\" style=\"min-height:239px;aspect-ratio:unset;\"><span aria-hidden=\"true\" class=\"wp-block-cover__background has-background-dim-70 has-background-dim\"><\/span><img decoding=\"async\" class=\"wp-block-cover__image-background\" alt=\"\" src=\"https:\/\/img.ihned.cz\/attachment.php\/930\/72003930\/EpOfBeJWzSa6M9Cu5ki7Fhnv8T0tGsA4\/iStock-168324456.jpg\" data-object-fit=\"cover\"\/><div class=\"wp-block-cover__inner-container is-layout-flow wp-block-cover-is-layout-flow\">\n<div class=\"wp-block-group is-nowrap is-layout-flex wp-container-core-group-is-layout-6c531013 wp-block-group-is-layout-flex\">\n<div class=\"wp-block-columns is-layout-flex wp-container-core-columns-is-layout-28f84493 wp-block-columns-is-layout-flex\">\n<div class=\"wp-block-column is-layout-flow wp-block-column-is-layout-flow\" style=\"flex-basis:100%\">\n<pre class=\"wp-block-code has-text-color\" style=\"color:#ff0000\"><code><strong>Roman STA\u0147O - TECHNICK\u00dd \u0158EDITEL<\/strong><\/code><\/pre>\n<\/div>\n<\/div>\n<\/div>\n\n\n\n<h2 class=\"wp-block-heading\"><\/h2>\n\n\n\n<ul class=\"wp-block-list\">\n<li><mark style=\"background-color:rgba(0, 0, 0, 0);color:#ff0000\" class=\"has-inline-color\"><strong>Telefon: <\/strong>               <strong>+420<\/strong> <strong>606 186 238<\/strong><\/mark><\/li>\n<\/ul>\n\n\n\n<div class=\"wp-block-columns is-layout-flex wp-container-core-columns-is-layout-28f84493 wp-block-columns-is-layout-flex\">\n<div class=\"wp-block-column is-layout-flow wp-block-column-is-layout-flow\" style=\"flex-basis:100%\">\n<ul class=\"wp-block-list\">\n<li><strong><mark style=\"background-color:rgba(0, 0, 0, 0);color:#ff0000\" class=\"has-inline-color\">Email:                   <a href=\"mailto:elektro.install@seznam.cz\">elektro.install@seznam.cz<\/a><\/mark><\/strong><\/li>\n<\/ul>\n<\/div>\n<\/div>\n<\/div><\/div>\n\n\n\n<h2 class=\"wp-block-heading\"><\/h2>\n\n\n\n<p class=\"has-text-align-left has-very-dark-gray-color has-text-color has-medium-font-size\"><strong>Veden\u00ed spole\u010dnosti:<\/strong><\/p>\n\n\n\n<h2 class=\"wp-block-heading\"><\/h2>\n\n\n\n<div class=\"wp-block-cover is-light\" style=\"min-height:247px;aspect-ratio:unset;\"><span aria-hidden=\"true\" class=\"wp-block-cover__background has-background-dim\" style=\"background-color:#1a1615\"><\/span><img loading=\"lazy\" decoding=\"async\" width=\"1200\" height=\"800\" class=\"wp-block-cover__image-background wp-image-3828\" alt=\"\" src=\"https:\/\/elektroinstall.cz\/wp-content\/uploads\/2024\/08\/service-office-1.jpg\" data-object-fit=\"cover\" srcset=\"https:\/\/elektroinstall.cz\/wp-content\/uploads\/2024\/08\/service-office-1.jpg 1200w, https:\/\/elektroinstall.cz\/wp-content\/uploads\/2024\/08\/service-office-1-300x200.jpg 300w, https:\/\/elektroinstall.cz\/wp-content\/uploads\/2024\/08\/service-office-1-1024x683.jpg 1024w, https:\/\/elektroinstall.cz\/wp-content\/uploads\/2024\/08\/service-office-1-768x512.jpg 768w, https:\/\/elektroinstall.cz\/wp-content\/uploads\/2024\/08\/service-office-1-24x16.jpg 24w, https:\/\/elektroinstall.cz\/wp-content\/uploads\/2024\/08\/service-office-1-36x24.jpg 36w, https:\/\/elektroinstall.cz\/wp-content\/uploads\/2024\/08\/service-office-1-48x32.jpg 48w, https:\/\/elektroinstall.cz\/wp-content\/uploads\/2024\/08\/service-office-1-600x400.jpg 600w\" sizes=\"auto, (max-width: 1200px) 100vw, 1200px\" \/><div class=\"wp-block-cover__inner-container is-layout-flow wp-block-cover-is-layout-flow\">\n<div class=\"wp-block-group is-nowrap is-layout-flex wp-container-core-group-is-layout-6c531013 wp-block-group-is-layout-flex\">\n<div class=\"wp-block-columns is-layout-flex wp-container-core-columns-is-layout-28f84493 wp-block-columns-is-layout-flex\">\n<div class=\"wp-block-column is-layout-flow wp-block-column-is-layout-flow\" style=\"flex-basis:100%\">\n<pre class=\"wp-block-code has-text-color has-link-color wp-elements-45d10f1ff3ee3497f3170b6c77524096\" style=\"color:#ff0000\"><code><strong><mark style=\"background-color:rgba(0, 0, 0, 0);color:#ff0000\" class=\"has-inline-color\">Ing. Radek VACULA - CEO<\/mark><\/strong><\/code><\/pre>\n<\/div>\n<\/div>\n<\/div>\n\n\n\n<h2 class=\"wp-block-heading\"><\/h2>\n\n\n\n<ul class=\"wp-block-list\">\n<li><strong><mark style=\"background-color:rgba(0, 0, 0, 0);color:#ff0000\" class=\"has-inline-color\">Telefon:                    +420 602 103 477<\/mark><\/strong><\/li>\n<\/ul>\n\n\n\n<ul class=\"wp-block-list\">\n<li><strong><mark style=\"background-color:rgba(0, 0, 0, 0);color:#ff0000\" class=\"has-inline-color\">Email:                       <a href=\"mailto:elektro.install@seznam.cz\">elektro.install@seznam.cz<\/a><\/mark><\/strong><\/li>\n<\/ul>\n<\/div><\/div>\n\n\n\n<p><\/p>\n","protected":false},"excerpt":{"rendered":"<p>Kancel\u00e1\u0159: Ing.Vacula Radek<br \/>\ntel.:602 103 803 477\u00a0 \u00a0\u00a0<br \/>\nelektro.install@seznam.cz<\/p>\n","protected":false},"author":1,"featured_media":0,"parent":0,"menu_order":0,"comment_status":"closed","ping_status":"closed","template":"page-templates\/contact.php","meta":{"footnotes":""},"class_list":["post-9","page","type-page","status-publish","hentry"],"_links":{"self":[{"href":"https:\/\/elektroinstall.cz\/index.php?rest_route=\/wp\/v2\/pages\/9","targetHints":{"allow":["GET"]}}],"collection":[{"href":"https:\/\/elektroinstall.cz\/index.php?rest_route=\/wp\/v2\/pages"}],"about":[{"href":"https:\/\/elektroinstall.cz\/index.php?rest_route=\/wp\/v2\/types\/page"}],"author":[{"embeddable":true,"href":"https:\/\/elektroinstall.cz\/index.php?rest_route=\/wp\/v2\/users\/1"}],"replies":[{"embeddable":true,"href":"https:\/\/elektroinstall.cz\/index.php?rest_route=%2Fwp%2Fv2%2Fcomments&post=9"}],"version-history":[{"count":43,"href":"https:\/\/elektroinstall.cz\/index.php?rest_route=\/wp\/v2\/pages\/9\/revisions"}],"predecessor-version":[{"id":3830,"href":"https:\/\/elektroinstall.cz\/index.php?rest_route=\/wp\/v2\/pages\/9\/revisions\/3830"}],"wp:attachment":[{"href":"https:\/\/elektroinstall.cz\/index.php?rest_route=%2Fwp%2Fv2%2Fmedia&parent=9"}],"curies":[{"name":"wp","href":"https:\/\/api.w.org\/{rel}","templated":true}]}}