{"id":432,"date":"2014-03-17T14:20:52","date_gmt":"2014-03-17T14:20:52","guid":{"rendered":"http:\/\/demo.themegrill.com\/spacious\/?page_id=12"},"modified":"2021-07-30T14:33:29","modified_gmt":"2021-07-30T12:33:29","slug":"super-fast-loading","status":"publish","type":"page","link":"https:\/\/elektroinstall.cz\/?page_id=432","title":{"rendered":"Hromosvody"},"content":{"rendered":"<p>Prov\u00e1d\u00edme mont\u00e1\u017e, opravy a \u00fadr\u017ebu nov\u00fdch i st\u00e1vaj\u00edc\u00edch hromosvod\u016f v\u010detn\u011b jejich revize.&nbsp;<\/p>\n\n\n<p> <\/p>\n\n\n\n<figure class=\"wp-block-image\"><img loading=\"lazy\" decoding=\"async\" width=\"575\" height=\"1024\" src=\"http:\/\/elektroinstall.cz\/wp-content\/uploads\/2019\/10\/IMG_20191018_135244-575x1024.jpg\" alt=\"\" class=\"wp-image-740\" srcset=\"https:\/\/elektroinstall.cz\/wp-content\/uploads\/2019\/10\/IMG_20191018_135244-575x1024.jpg 575w, https:\/\/elektroinstall.cz\/wp-content\/uploads\/2019\/10\/IMG_20191018_135244-168x300.jpg 168w, https:\/\/elektroinstall.cz\/wp-content\/uploads\/2019\/10\/IMG_20191018_135244-768x1368.jpg 768w, https:\/\/elektroinstall.cz\/wp-content\/uploads\/2019\/10\/IMG_20191018_135244-600x1068.jpg 600w\" sizes=\"auto, (max-width: 575px) 100vw, 575px\" \/><\/figure>\n\n\n\n<figure class=\"wp-block-image\"><img loading=\"lazy\" decoding=\"async\" width=\"575\" height=\"1024\" src=\"http:\/\/elektroinstall.cz\/wp-content\/uploads\/2019\/10\/IMG_20191018_142923-575x1024.jpg\" alt=\"\" class=\"wp-image-741\" srcset=\"https:\/\/elektroinstall.cz\/wp-content\/uploads\/2019\/10\/IMG_20191018_142923-575x1024.jpg 575w, https:\/\/elektroinstall.cz\/wp-content\/uploads\/2019\/10\/IMG_20191018_142923-168x300.jpg 168w, https:\/\/elektroinstall.cz\/wp-content\/uploads\/2019\/10\/IMG_20191018_142923-768x1368.jpg 768w, https:\/\/elektroinstall.cz\/wp-content\/uploads\/2019\/10\/IMG_20191018_142923-600x1068.jpg 600w\" sizes=\"auto, (max-width: 575px) 100vw, 575px\" \/><\/figure>\n\n\n\n<figure class=\"wp-block-image\"><img loading=\"lazy\" decoding=\"async\" width=\"575\" height=\"1024\" src=\"http:\/\/elektroinstall.cz\/wp-content\/uploads\/2019\/10\/IMG_20191018_142818-575x1024.jpg\" alt=\"\" class=\"wp-image-743\" srcset=\"https:\/\/elektroinstall.cz\/wp-content\/uploads\/2019\/10\/IMG_20191018_142818-575x1024.jpg 575w, https:\/\/elektroinstall.cz\/wp-content\/uploads\/2019\/10\/IMG_20191018_142818-168x300.jpg 168w, https:\/\/elektroinstall.cz\/wp-content\/uploads\/2019\/10\/IMG_20191018_142818-768x1368.jpg 768w, https:\/\/elektroinstall.cz\/wp-content\/uploads\/2019\/10\/IMG_20191018_142818-600x1068.jpg 600w\" sizes=\"auto, (max-width: 575px) 100vw, 575px\" \/><\/figure>\n","protected":false},"excerpt":{"rendered":"<p>Prov\u00e1d\u00edme mont\u00e1\u017e hromosvod\u016f.<\/p>\n","protected":false},"author":1,"featured_media":2892,"parent":0,"menu_order":0,"comment_status":"open","ping_status":"open","template":"","meta":{"footnotes":""},"class_list":["post-432","page","type-page","status-publish","has-post-thumbnail","hentry"],"_links":{"self":[{"href":"https:\/\/elektroinstall.cz\/index.php?rest_route=\/wp\/v2\/pages\/432","targetHints":{"allow":["GET"]}}],"collection":[{"href":"https:\/\/elektroinstall.cz\/index.php?rest_route=\/wp\/v2\/pages"}],"about":[{"href":"https:\/\/elektroinstall.cz\/index.php?rest_route=\/wp\/v2\/types\/page"}],"author":[{"embeddable":true,"href":"https:\/\/elektroinstall.cz\/index.php?rest_route=\/wp\/v2\/users\/1"}],"replies":[{"embeddable":true,"href":"https:\/\/elektroinstall.cz\/index.php?rest_route=%2Fwp%2Fv2%2Fcomments&post=432"}],"version-history":[{"count":3,"href":"https:\/\/elektroinstall.cz\/index.php?rest_route=\/wp\/v2\/pages\/432\/revisions"}],"predecessor-version":[{"id":2899,"href":"https:\/\/elektroinstall.cz\/index.php?rest_route=\/wp\/v2\/pages\/432\/revisions\/2899"}],"wp:featuredmedia":[{"embeddable":true,"href":"https:\/\/elektroinstall.cz\/index.php?rest_route=\/wp\/v2\/media\/2892"}],"wp:attachment":[{"href":"https:\/\/elektroinstall.cz\/index.php?rest_route=%2Fwp%2Fv2%2Fmedia&parent=432"}],"curies":[{"name":"wp","href":"https:\/\/api.w.org\/{rel}","templated":true}]}}